late the remainder when 288 is divided by 14.
8
Calculate the remainder when 39175 is divided by 4.
3
Calculate the remainder when 523 is divided by 142.
97
What is the remainder when 17944 is divided by 31?
26
Calculate the remainder when 69 is divided by 4.
1
What is the remainder when 178 is divided by 31?
23
Calculate the remainder when 211 is divided by 47.
23
What is the remainder when 102 is divided by 15?
12
What is the remainder when 1521 is divided by 51?
42
What is the remainder when 107 is divided by 12?
11
Calculate the remainder when 484 is divided by 54.
52
Calculate the remainder when 635 is divided by 12.
11
What is the remainder when 1546 is divided by 47?
42
What is the remainder when 3781 is divided by 122?
121
Calculate the remainder when 326 is divided by 160.
6
Calculate the remainder when 214 is divided by 69.
7
What is the remainder when 82 is divided by 43?
39
Calculate the remainder when 2303 is divided by 5.
3
Calculate the remainder when 58 is divided by 2.
0
What is the remainder when 16829 is divided by 22?
21
What is the remainder when 236 is divided by 121?
115
Calculate the remainder when 216 is divided by 115.
101
What is the remainder when 1078 is divided by 13?
12
Calculate the remainder when 423 is divided by 165.
93
Calculate the remainder when 165 is divided by 1.
0
What is the remainder when 46 is divided by 13?
7
Calculate the remainder when 56 is divided by 20.
16
What is the remainder when 240 is divided by 21?
9
What is the remainder when 104 is divided by 96?
8
What is the remainder when 3509 is divided by 106?
11
What is the remainder when 273 is divided by 12?
9
What is the remainder when 364 is divided by 69?
19
Calculate the remainder when 579 is divided by 47.
15
What is the remainder when 404 is divided by 7?
5
Calculate the remainder when 92 is divided by 47.
45
What is the remainder when 267 is divided by 66?
3
Calculate the remainder when 526 is divided by 33.
31
What is the remainder when 155 is divided by 53?
49
Calculate the remainder when 770 is divided by 92.
34
What is the remainder when 167 is divided by 17?
14
What is the remainder when 537 is divided by 15?
12
What is the remainder when 286 is divided by 12?
10
Calculate the remainder when 2159 is divided by 80.
79
What is the remainder when 148 is divided by 69?
10
What is the remainder when 2610 is divided by 651?
6
Calculate the remainder when 1240 is divided by 73.
72
Calculate the remainder when 548 is divided by 10.
8
What is the remainder when 268 is divided by 10?
8
Calculate the remainder when 6192 is divided by 5.
2
What is the remainder when 3784 is divided by 946?
0
What is the remainder when 365 is divided by 9?
5
What is the remainder when 137 is divided by 13?
7
Calculate the remainder when 914 is divided by 58.
44
Calculate the remainder when 249 is divided by 43.
34
What is the remainder when 180 is divided by 38?
28
What is the remainder when 2155 is divided by 40?
35
What is the remainder when 4143 is divided by 16?
15
What is the remainder when 260 is divided by 12?
8
What is the remainder when 1439 is divided by 45?
44
What is the remainder when 373 is divided by 25?
23
What is the remainder when 68 is divided by 18?
14
What is the remainder when 261 is divided by 33?
30
Calculate the remainder when 496 is divided by 100.
96
Calculate the remainder when 212 is divided by 8.
4
What is the remainder when 1378 is divided by 60?
58
What is the remainder when 370 is divided by 126?
118
Calculate the remainder when 26318 is divided by 140.
138
Calculate the remainder when 153 is divided by 26.
23
Calculate the remainder when 1879 is divided by 616.
31
Calculate the remainder when 136 is divided by 12.
4
Calculate the remainder when 163 is divided by 5.
3
What is the remainder when 702 is divided by 232?
6
What is the remainder when 166 is divided by 28?
26
Calculate the remainder when 728 is divided by 61.
57
Calculate the remainder when 248 is divided by 94.
60
What is the remainder when 1379 is divided by 60?
59
Calculate the remainder when 702 is divided by 85.
22
Calculate the remainder when 1253 is divided by 48.
5
Calculate the remainder when 187 is divided by 15.
7
What is the remainder when 64 is divided by 24?
16
Calculate the remainder when 6662 is divided by 43.
40
What is the remainder when 401 is divided by 6?
5
What is the remainder when 293 is divided by 106?
81
What is the remainder when 452 is divided by 6?
2
Calculate the remainder when 684 is divided by 69.
63
Calculate the remainder when 6549 is divided by 13.
10
What is the remainder when 25 is divided by 23?
2
Calculate the remainder when 13 is divided by 2.
1
Calculate the remainder when 205 is divided by 95.
15
What is the remainder when 163 is divided by 10?
3
What is the remainder when 131 is divided by 35?
26
What is the remainder when 20 is divided by 10?
0
What is the remainder when 2614 is divided by 863?
25
What is the remainder when 1978 is divided by 45?
43
Calculate the remainder when 508 is divided by 6.
4
What is the remainder when 266 is divided by 67?
65
Calculate the remainder when 1174 is divided by 147.
145
Calculate the remainder when 316 is divided by 22.
8
Calculate the remainder when 18 is divided by 13.
5
What is the remainder when 391 is divided by 373?
18
Calculate the remainder when 138 is divided by 65.
8
Calculate the remainder when 49 is divided by 17.
15
What is the remainder when 500 is divided by 11?
5
What is the remainder when 196 is divided by 25?
21
Calculate the remainder when 196 is divided by 54.
34
What is the remainder when 35 is divided by 29?
6
Calculate the remainder when 11021 is divided by 5505.
11
Calculate the remainder when 3691 is divided by 3.
1
Calculate the remainder when 1719 is divided by 840.
39
What is the remainder when 143 is divided by 10?
3
What is the remainder when 637 is divided by 32?
29
What is the remainder when 659 is divided by 220?
219
What is the remainder when 1568 is divided by 4?
0
Calculate the remainder when 183 is divided by 46.
45
Calculate the remainder when 198 is divided by 92.
14
What is the remainder when 234 is divided by 17?
13
Calculate the remainder when 18121 is divided by 3.
1
What is the remainder when 312 is divided by 65?
52
Calculate the remainder when 462 is divided by 22.
0
What is the remainder when 2204 is divided by 49?
48
What is the remainder when 1246 is divided by 57?
49
Calculate the remainder when 240 is divided by 24.
0
Calculate the remainder when 853 is divided by 137.
31
What is the remainder when 2507 is divided by 93?
89
What is the remainder when 82 is divided by 44?
38
What is the remainder when 301 is divided by 74?
5
Calculate the remainder when 2310 is divided by 577.
2
What is the remainder when 4101 is divided by 108?
105
What is the remainder when 10 is divided by 5?
0
Calculate the remainder when 41 is divided by 8.
1
What is the remainder when 7921 is divided by 17?
16
What is the remainder when 1531 is divided by 19?
11
What is the remainder when 206 is divided by 119?
87
Calculate the remainder when 572 is divided by 72.
68
What is the remainder when 5136 is divided by 83?
73
Calculate the remainder when 1459 is divided by 724.
11
Calculate the remainder when 562 is divided by 94.
92
Calculate the remainder when 193 is divided by 133.
60
What is the remainder when 83 is divided by 35?
13
What is the remainder when 1122 is divided by 1112?
10
Calculate the remainder when 1607 is divided by 535.
2
What is the remainder when 463 is divided by 67?
61
Calculate the remainder when 112 is divided by 33.
13
Calculate the remainder when 584 is divided by 68.
40
Calculate the remainder when 252 is divided by 61.
8
What is the remainder when 181 is divided by 60?
1
What is the remainder when 1643 is divided by 87?
77
Calculate the remainder when 47 is divided by 22.
3
What is the remainder when 266 is divided by 93?
80
Calculate the remainder when 7 is divided by 5.
2
What is the remainder when 176 is divided by 67?
42
What is the remainder when 215 is divided by 36?
35
What is the remainder when 15 is divided by 8?
7
Calculate the remainder when 21 is divided by 10.
1
What is the remainder when 25 is divided by 25?
0
What is the